{"id":75,"date":"2025-11-26T22:57:24","date_gmt":"2025-11-26T22:57:24","guid":{"rendered":"https:\/\/hisauspeha.pozabil.com\/?page_id=75"},"modified":"2026-02-02T15:47:34","modified_gmt":"2026-02-02T15:47:34","slug":"hisa-uspeha","status":"publish","type":"page","link":"https:\/\/hisauspeha.si\/?page_id=75","title":{"rendered":"HI\u0160A USPEHA"},"content":{"rendered":"\n<p><strong>Prostor, kjer otrok zraste v svojo mo\u010d<\/strong><\/p>\n\n\n\n<p>V Hi\u0161i uspeha ustvarjamo okolje, kjer se vsak otrok lahko razvije v najbolj\u0161o razli\u010dico sebe. Verjamemo, da je v vsakem otroku skrit izjemen potencial \u2013 v\u010dasih le potrebuje pravo roko, ki ga ne\u017eno usmeri, razume in mu pomaga najti pot naprej. Na\u0161a filozofija temelji na zaupanju, toplini in strokovnosti, saj vemo, da se najve\u010dji premiki zgodijo tam, kjer se otrok po\u010duti varno, sli\u0161anega in sprejetega.<\/p>\n\n\n\n<h2 class=\"wp-block-heading\"><strong>STORITVE<\/strong><\/h2>\n\n\n\n<p><strong>Specialnopedago\u0161ka diagnostika<\/strong><\/p>\n\n\n\n<p>diagnostika: Strokovna ocena otrokovih u\u010dnih sposobnosti, koncentracije, branja, pisanja in procesov, ki vplivajo na uspe\u0161nost v \u0161oli. Diagnostika nam pomaga razumeti, kje so otrokove mo\u010di in kje potrebuje dodatno pomo\u010d. Nujno potrebna pri uveljavljanju Zahtevka za usmerjanje otrok s posebnimi potrebami.<\/p>\n\n\n\n<p><strong>Svetovanje star\u0161em in strokovnim delavcem<\/strong><\/p>\n\n\n\n<p>S star\u0161i gradimo partnerstvo \u2013 skupaj i\u0161\u010demo na\u010dine, kako doma in v \u0161oli podpreti otrokov<br>razvoj. Sodelujem tudi z vzgojitelji in u\u010ditelji, da ustvarimo povezano mre\u017eo podpore.<\/p>\n\n\n\n<p><strong>Gradimo mostove<\/strong><\/p>\n\n\n\n<p>Hi\u0161a uspeha povezuje otroka, star\u0161e, \u0161olo in \u0161ir\u0161e okolje. Verjamem, da otrok napreduje, ko<br>se po\u010duti razumljenega \u2013 in ko odrasli okoli njega govorimo isti, so\u010duten jezik. Sodelujemo z<br>vzgojitelji, u\u010ditelji in svetovalnimi delavci ter pomagamo pri oblikovanju strategij, ki otroku<br>omogo\u010dijo ve\u010d uspeha v vrtcu ali \u0161oli.<\/p>\n\n\n\n<p><strong>U\u010denje U\u010denja<br>Mladostnikom in starej\u0161im otrokom pomagamo prepoznati njihov naravni na\u010din u\u010denja<\/strong><\/p>\n\n\n\n<p>Ko otrok razume kako se njegov um u\u010di, postane \u0161ola la\u017eja, znanje hitreje ste\u010de, spomin pa se<br>okrepi.<br>Iz mo\u010dnih podro\u010dij ne\u017eno gradimo \u0161ibkej\u0161a \u2014 in ustvarimo pot do mirnej\u0161ega, uspe\u0161nej\u0161ega<br>u\u010denja<\/p>\n\n\n\n<p><\/p>\n\n\n\n<p><\/p>\n\n\n\n<p><\/p>\n\n\n\n<p><\/p>\n","protected":false},"excerpt":{"rendered":"<p>Prostor, kjer otrok zraste v svojo mo\u010d V Hi\u0161i uspeha ustvarjamo okolje, kjer se vsak otrok lahko razvije v najbolj\u0161o razli\u010dico sebe. Verjamemo, da je v vsakem otroku skrit izjemen potencial \u2013 v\u010dasih le potrebuje pravo roko, ki ga ne\u017eno usmeri, razume in mu pomaga najti pot naprej. Na\u0161a filozofija temelji na zaupanju, toplini in strokovnosti, saj vemo, da se najve\u010dji premiki zgodijo tam, kjer se otrok po\u010duti varno, sli\u0161anega in sprejetega. STORITVE Specialnopedago\u0161ka diagnostika diagnostika: Strokovna ocena otrokovih u\u010dnih sposobnosti, koncentracije, branja, pisanja in procesov, ki vplivajo na uspe\u0161nost v \u0161oli. Diagnostika nam pomaga razumeti, kje so otrokove mo\u010di&#8230; <\/p>\n","protected":false},"author":1,"featured_media":0,"parent":0,"menu_order":1,"comment_status":"closed","ping_status":"closed","template":"","meta":{"footnotes":""},"class_list":["post-75","page","type-page","status-publish","hentry"],"_links":{"self":[{"href":"https:\/\/hisauspeha.si\/index.php?rest_route=\/wp\/v2\/pages\/75","targetHints":{"allow":["GET"]}}],"collection":[{"href":"https:\/\/hisauspeha.si\/index.php?rest_route=\/wp\/v2\/pages"}],"about":[{"href":"https:\/\/hisauspeha.si\/index.php?rest_route=\/wp\/v2\/types\/page"}],"author":[{"embeddable":true,"href":"https:\/\/hisauspeha.si\/index.php?rest_route=\/wp\/v2\/users\/1"}],"replies":[{"embeddable":true,"href":"https:\/\/hisauspeha.si\/index.php?rest_route=%2Fwp%2Fv2%2Fcomments&post=75"}],"version-history":[{"count":16,"href":"https:\/\/hisauspeha.si\/index.php?rest_route=\/wp\/v2\/pages\/75\/revisions"}],"predecessor-version":[{"id":209,"href":"https:\/\/hisauspeha.si\/index.php?rest_route=\/wp\/v2\/pages\/75\/revisions\/209"}],"wp:attachment":[{"href":"https:\/\/hisauspeha.si\/index.php?rest_route=%2Fwp%2Fv2%2Fmedia&parent=75"}],"curies":[{"name":"wp","href":"https:\/\/api.w.org\/{rel}","templated":true}]}}