{"id":59,"date":"2025-11-26T22:08:12","date_gmt":"2025-11-26T22:08:12","guid":{"rendered":"https:\/\/hisauspeha.pozabil.com\/?page_id=59"},"modified":"2026-02-20T15:53:49","modified_gmt":"2026-02-20T15:53:49","slug":"storitve","status":"publish","type":"page","link":"https:\/\/hisauspeha.si\/?page_id=59","title":{"rendered":"STORITVE"},"content":{"rendered":"\n<ul class=\"wp-block-list\">\n<li><strong>Specialnopedago\u0161ka diagnostika<\/strong><br>Strokovna ocena otrokovih u\u010dnih sposobnosti, pozornosti in aktivnosti, branja, pisanja, ra\u010dunanja in procesov, ki vplivajo na uspe\u0161nost v \u0161oli. Diagnostika nam pomaga razumeti, kje so otrokove mo\u010di in kje potrebuje dodatno pomo\u010d.<\/li>\n<\/ul>\n\n\n\n<p><\/p>\n\n\n\n<ul class=\"wp-block-list\">\n<li><strong>Individualne obravnave<\/strong><br>Ciljno usmerjeno delo, prilagojeno vsakemu posameznemu otroku. Uporabljam razli\u010dne metode in pristope; od senzorno-motori\u010dnih dejavnosti do kognitivno-vedenjske podpore in socialnih iger,&#8230;<\/li>\n<\/ul>\n\n\n\n<p><\/p>\n\n\n\n<ul class=\"wp-block-list\">\n<li><strong>Svetovanje star\u0161em in strokovnim delavcem<\/strong><br>S star\u0161i gradimo partnerstvo \u2013 skupaj i\u0161\u010demo na\u010dine, kako doma in v \u0161oli podpreti otrokov<br>razvoj. Sodelujem tudi z vzgojitelji in u\u010ditelji, da ustvarimo povezano mre\u017eo podpore.<\/li>\n<\/ul>\n\n\n\n<p><\/p>\n\n\n\n<ul class=\"wp-block-list\">\n<li><strong>U\u010denje U\u010denja<\/strong><\/li>\n<\/ul>\n\n\n\n<p><strong>Mladostnikom in starej\u0161im otrokom pomagamo prepoznati njihov naravni na\u010din u\u010denja<\/strong><br>Ko otrok razume kako se njegov um u\u010di, postane \u0161ola la\u017eja, znanje hitreje ste\u010de, spomin pa se<br>okrepi.<br>Iz mo\u010dnih podro\u010dij ne\u017eno gradimo \u0161ibkej\u0161a \u2014 in ustvarimo pot do mirnej\u0161ega, uspe\u0161nej\u0161ega<br>u\u010denja<\/p>\n\n\n\n<ul class=\"wp-block-list\">\n<li><strong>Senzorna integracija<\/strong><br>Senzorna soba in terapevtske dejavnosti, ki otroku pomagajo uravnavati \u010dutne odzive, gibanje, pozornost in \u010dustveno stabilnost. Otrok skozi igro gradi samozavedanje, zbranost in samozaupanje.<\/li>\n<\/ul>\n\n\n\n<p><\/p>\n\n\n\n<ul class=\"wp-block-list\">\n<li><strong>Gradimo mostove<\/strong><br>Hi\u0161a uspeha povezuje otroka, star\u0161e, \u0161olo in \u0161ir\u0161e okolje. Verjamem, da otrok napreduje, ko se po\u010duti razumljenega \u2013 in ko odrasli okoli njega govorimo isti, so\u010duten jezik.<\/li>\n<\/ul>\n","protected":false},"excerpt":{"rendered":"<p>Mladostnikom in starej\u0161im otrokom pomagamo prepoznati njihov naravni na\u010din u\u010denjaKo otrok razume kako se njegov um u\u010di, postane \u0161ola la\u017eja, znanje hitreje ste\u010de, spomin pa seokrepi.Iz mo\u010dnih podro\u010dij ne\u017eno gradimo \u0161ibkej\u0161a \u2014 in ustvarimo pot do mirnej\u0161ega, uspe\u0161nej\u0161egau\u010denja<\/p>\n","protected":false},"author":1,"featured_media":0,"parent":0,"menu_order":2,"comment_status":"closed","ping_status":"closed","template":"","meta":{"footnotes":""},"class_list":["post-59","page","type-page","status-publish","hentry"],"_links":{"self":[{"href":"https:\/\/hisauspeha.si\/index.php?rest_route=\/wp\/v2\/pages\/59","targetHints":{"allow":["GET"]}}],"collection":[{"href":"https:\/\/hisauspeha.si\/index.php?rest_route=\/wp\/v2\/pages"}],"about":[{"href":"https:\/\/hisauspeha.si\/index.php?rest_route=\/wp\/v2\/types\/page"}],"author":[{"embeddable":true,"href":"https:\/\/hisauspeha.si\/index.php?rest_route=\/wp\/v2\/users\/1"}],"replies":[{"embeddable":true,"href":"https:\/\/hisauspeha.si\/index.php?rest_route=%2Fwp%2Fv2%2Fcomments&post=59"}],"version-history":[{"count":21,"href":"https:\/\/hisauspeha.si\/index.php?rest_route=\/wp\/v2\/pages\/59\/revisions"}],"predecessor-version":[{"id":230,"href":"https:\/\/hisauspeha.si\/index.php?rest_route=\/wp\/v2\/pages\/59\/revisions\/230"}],"wp:attachment":[{"href":"https:\/\/hisauspeha.si\/index.php?rest_route=%2Fwp%2Fv2%2Fmedia&parent=59"}],"curies":[{"name":"wp","href":"https:\/\/api.w.org\/{rel}","templated":true}]}}